
What are the prime factors of 30693968?
2, 19, 31, 3257
List the prime factors of 85080193.
11, 1361, 5683
What are the prime factors of 261540345?
3, 5, 11, 1585093
List the prime factors of 655254872.
2, 101, 541, 1499
What are the prime factors of 321131784?
2, 3, 233, 57427
List the prime factors of 103236549.
3, 13, 29, 37, 2467
What are the prime factors of 5442509019?
3, 277, 311, 21059
What are the prime factors of 354643249?
5861, 60509
List the prime factors of 609169043.
7, 87024149
What are the prime factors of 71753101?
7, 19, 37, 2083
List the prime factors of 4498890545.
5, 127, 7084867
List the prime factors of 42923921.
647, 66343
List the prime factors of 2453614804.
2, 131, 563, 8317
What are the prime factors of 148144209?
3, 29, 1702807
List the prime factors of 57724047.
3, 6413783
What are the prime factors of 31349483?
11, 23, 123911
List the prime factors of 1586186.
2, 7, 137, 827
What are the prime factors of 3928238265?
3, 5, 7, 79, 443, 1069
List the prime factors of 185590592.
2, 11, 47, 71, 79
What are the prime factors of 4517276896?
2, 11, 359, 35747
What are the prime factors of 2258989535?
5, 11, 383, 9749
List the prime factors of 109469617.
109469617
List the prime factors of 131278373.
701, 187273
What are the prime factors of 87371628?
2, 3, 379, 19211
List the prime factors of 76080519.
3, 2817797
List the prime factors of 46102527.
3, 53, 10739
What are the prime factors of 40794492?
2, 3, 17, 311, 643
List the prime factors of 694883701.
149, 4663649
What are the prime factors of 1632314456?
2, 73, 2795059
List the prime factors of 29607167.
499, 59333
List the prime factors of 1170246626.
2, 585123313
List the prime factors of 568751984.
2, 2113, 16823
List the prime factors of 370889826.
2, 3, 61814971
List the prime factors of 1960591.
19, 5431
List the prime factors of 2291735595.
3, 5, 152782373
What are the prime factors of 278345157?
3, 163, 569213
What are the prime factors of 23514995?
5, 7, 17, 39521
What are the prime factors of 31441829?
29, 521, 2081
What are the prime factors of 67132516?
2, 11, 103, 14813
What are the prime factors of 32592162?
2, 3, 17, 173, 1847
What are the prime factors of 29946594?
2, 3, 1493, 3343
What are the prime factors of 1523094177?
3, 11, 61, 756629
What are the prime factors of 858714269?
7, 23, 107, 7121
What are the prime factors of 9397935?
3, 5, 208843
What are the prime factors of 95090305?
5, 191, 99571
List the prime factors of 40460901.
3, 13, 17, 61027
What are the prime factors of 37506506?
2, 18753253
What are the prime factors of 160488381?
3, 17, 3146831
What are the prime factors of 71486528?
2, 1116977
List the prime factors of 4049120543.
13, 3631, 85781
What are the prime factors of 207122314?
2, 7, 23, 43, 2137
List the prime factors of 1202741410.
2, 5, 13, 31, 149, 2003
List the prime factors of 253938963.
3, 84646321
What are the prime factors of 241225073?
103, 2341991
List the prime factors of 82914593.
17, 83, 58763
What are the prime factors of 2682703429?
7, 149, 2572103
What are the prime factors of 304661641?
17, 149, 120277
List the prime factors of 310649944.
2, 11, 3530113
List the prime factors of 773144659.
7, 110449237
List the prime factors of 363594468.
2, 3, 30299539
List the prime factors of 1036215558.
2, 3, 7, 1171, 2341
What are the prime factors of 948827432?
2, 7, 16943347
What are the prime factors of 2665114861?
283, 9417367
What are the prime factors of 50097641?
11, 4554331
What are the prime factors of 3276870?
2, 3, 5, 109229
List the prime factors of 99622819.
5653, 17623
List the prime factors of 1072723187.
139, 7717433
List the prime factors of 278633210.
2, 5, 181, 153941
What are the prime factors of 1754918521?
1754918521
List the prime factors of 3065783888.
2, 37, 5178689
What are the prime factors of 2907635652?
2, 3, 131, 616547
What are the prime factors of 62295910?
2, 5, 6229591
List the prime factors of 2118475193.
2118475193
List the prime factors of 2874757985.
5, 11, 929, 56263
What are the prime factors of 2773130998?
2, 11, 11459219
List the prime factors of 23652335.
5, 7, 675781
List the prime factors of 211979086.
2, 11, 17, 19, 23, 1297
What are the prime factors of 13865725?
5, 19, 29191
List the prime factors of 65972069.
65972069
What are the prime factors of 1402082296?
2, 175260287
List the prime factors of 1168361036.
2, 173, 809, 2087
List the prime factors of 643992272.
2, 7, 11, 23, 22727
List the prime factors of 63674855.
5, 12734971
What are the prime factors of 127414344?
2, 3, 5308931
What are the prime factors of 243276041?
29, 509, 16481
List the prime factors of 4882611222.
2, 3, 19, 733, 19477
What are the prime factors of 302878365?
3, 5, 1061, 19031
List the prime factors of 329622117.
3, 11, 701, 14249
What are the prime factors of 7835651?
7835651
What are the prime factors of 29999732?
2, 7, 1071419
List the prime factors of 183265672.
2, 257, 89137
What are the prime factors of 58683219?
3, 7, 2794439
What are the prime factors of 333240495?
3, 5, 7, 1091, 2909
What are the prime factors of 1290241354?
2, 317, 2035081
What are the prime factors of 47900210?
2, 5, 1033, 4637
List the prime factors of 60089418.
2, 3, 89, 12503
List the prime factors of 6276090028.
2, 13, 73, 1653343
What are the prime factors of 46145388?
2, 3, 3845449
List the prime factors of 201588162.
2, 3, 33598027
List the prime factors of 63049109.
653, 96553
List the prime factors of 1740241325.
5, 69609653
List the prime factors of 1294821.
3, 11, 29, 41
What are the prime factors of 28531812?
2, 3, 809, 2939
List the prime factors of 1760790923.
1760790923
What are the prime factors of 230164126?
2, 29, 373, 10639
What are the prime factors of 96422043?
3, 32140681
What are the prime factors of 996178189?
17, 19, 41, 75223
What are the prime factors of 516953908?
2, 1063, 121579
List the prime factors of 85751761.
43, 1994227
What are the prime factors of 78360622?
2, 31, 439, 2879
What are the prime factors of 30141691?
30141691
List the prime factors of 373339319.
373339319
List the prime factors of 3633210.
2, 3, 5, 7, 73, 79
List the prime factors of 492105710.
2, 5, 1319, 37309
What are the prime factors of 2786176629?
3, 2287, 45121
What are the prime factors of 116618173?
7, 16659739
List the prime factors of 64620588.
2, 3, 5385049
What are the prime factors of 1352304938?
2, 181, 3735649
List the prime factors of 44426951.
569, 78079
List the prime factors of 267935972.
2, 149, 449557
List the prime factors of 1384469432.
2, 173058679
What are the prime factors of 138404189?
7, 11, 19, 94603
What are the prime factors of 26253330?
2, 3, 5, 379, 2309
List the prime factors of 48034305.
3, 5, 11, 97039
List the prime factors of 2232418438.
2, 31, 1123, 32063
List the prime factors of 187020010.
2, 5, 18702001
List the prime factors of 26535609.
3, 19, 29, 5351
What are the prime factors of 1555455425?
5, 19, 3274643
What are the prime factors of 684259285?
5, 59, 211, 10993
List the prime factors of 4557629451.
3, 337, 4508041
List the prime factors of 9427794163.
9427794163
What are the prime factors of 56515276?
2, 17, 103, 8069
What are the prime factors of 85251263?
97, 131, 6709
What are the prime factors of 155251562?
2, 77625781
List the prime factors of 44335033.
44335033
List the prime factors of 92273390.
2, 5, 11, 76259
What are the prime factors of 394373351?
31, 12721721
What are the prime factors of 3782225336?
2, 472778167
What are the prime factors of 117564490?
2, 5, 11756449
What are the prime factors of 97140842?
2, 1087, 44683
List the prime factors of 1499166507.
3, 3571, 139939
What are the prime factors of 42931376?
2, 2683211
List the prime factors of 537321342.
2, 3, 89553557
What are the prime factors of 168415939?
2213, 76103
What are the prime factors of 788154232?
2, 67, 1470437
List the prime factors of 63346511.
397, 159563
List the prime factors of 3855538480.
2, 5, 773, 62347
What are the prime factors of 2278909036?
2, 73, 2423, 3221
List the prime factors of 874687165.
5, 11, 31, 513013
What are the prime factors of 173645978?
2, 11, 19, 71, 5851
What are the prime factors of 7193945075?
5, 41, 599, 11717
List the prime factors of 6806051.
